{"id":16,"date":"2017-02-23T15:21:17","date_gmt":"2017-02-23T15:21:17","guid":{"rendered":"http:\/\/www.bavka.rs\/restoran\/?page_id=16"},"modified":"2018-04-28T14:21:02","modified_gmt":"2018-04-28T14:21:02","slug":"letovanja-agencije-bavka-tours","status":"publish","type":"page","link":"https:\/\/www.bavka.rs\/restoran\/letovanja-agencije-bavka-tours\/","title":{"rendered":"Letovanja agencije Bavka Tours"},"content":{"rendered":"<p><section   class=\"fw-main-row-custom fw-main-row-top fw-section-no-padding  fw_theme_bg_fw-custom fw-section-image fw-section-height-custom  fw-section-position-back tf-sh-0427b7c6c59618cbd33a2e564bb5cafc\"  style=\" background-image:url(\/\/www.bavka.rs\/restoran\/wp-content\/uploads\/2018\/04\/header-letovanja-1.jpg); background-repeat: no-repeat; background-position: center top; background-size: cover; height: 560px;\"  >\n\t\t\t<div class=\"fw-container-fluid\" >\n\t\t<div class=\"fw-row\">\n\t<div id=\"column-69d03ba6afef0\" class=\"fw-col-sm-12 tf-sh-18b8432e0468f1415a3ae419b7822d33  fw-animated-element fw-col-no-padding\" data-animation-type=\"fadeInUp\" data-animation-delay=\"300\">\n\t<div class=\"fw-wrap-col-inner clearfix  \"   >\n\t\t\t\t<div class=\"fw-col-inner\">\n\t\t\t<div class=\"fw-heading fw-heading-center  fw-heading-with-subtitle tf-sh-277ab0ddd26e64a702509b6a58d9f9c2\" >\n\t\t\t<h1 class=\"fw-special-title\">Letovanja<\/h1>\n\t\n\t\n\t\t\t<div class=\"fw-special-subtitle\">Neka vas magija letnje energije odvede na \u010dudesne destinacije iz na\u0161e ponude.<\/div>\n\t<\/div>\t\t<\/div>\n\t<\/div>\n<\/div><\/div>\n\n\t<\/div>\n\t<\/section><section   class=\"fw-main-row-custom fw-section-no-padding  auto  fw-section-position-back tf-sh-2a24729400113cf7c2ac056d488aacd5\"    >\n\t\t\t<div class=\"fw-container\" >\n\t\t<div class=\"fw-row\">\n\t<div id=\"column-69d03ba6b08c6\" class=\"fw-col-sm-12 tf-sh-3577f77f733188f01f6858a5183142de\" >\n\t<div class=\"fw-wrap-col-inner clearfix  \"   >\n\t\t\t\t<div class=\"fw-col-inner\">\n\t\t\t<div class=\"fw-divider-space  fw-custom-space  fw-mobile-hide-element clearfix\" style=\"height:140px;\" ><\/div>\t\t<\/div>\n\t<\/div>\n<\/div><\/div>\n\n<div class=\"fw-row\">\n\t<div id=\"column-69d03ba6b0f5c\" class=\"fw-col-sm-6 tf-sh-2640582917a35ea2bf1157b4e533c650  fw-animated-element\" data-animation-type=\"fadeInUp\" data-animation-delay=\"300\">\n\t<div class=\"fw-wrap-col-inner clearfix  \"   >\n\t\t\t\t<div class=\"fw-col-inner\">\n\t\t\t<div class=\"fw-text-box tf-sh-78b4e860daee041c1597fa210a9e937b \" >\n\t<div class=\"fw-text-inner\">\n\t\t<p>Atraktivne turisti\u010dke destinacije iz na\u0161e ponude spremne su da zadovolje sva va\u0161a \u010dula.<\/p>\n\t<\/div>\n<\/div>\t\t<\/div>\n\t<\/div>\n<\/div><div id=\"column-69d03ba6b14d5\" class=\"fw-col-sm-6 tf-sh-b931951f8c038257a5db646a6eb35c8b  fw-animated-element\" data-animation-type=\"fadeInUp\" data-animation-delay=\"500\">\n\t<div class=\"fw-wrap-col-inner clearfix  \"   >\n\t\t\t\t<div class=\"fw-col-inner\">\n\t\t\t<div class=\"fw-text-box tf-sh-4cee54d4aa7d4a1a17ff1d5912f11293 \" >\n\t<div class=\"fw-text-inner\">\n\t\t<p>Izaberite neku od pa\u017eljivo izabranih letnjih destinacija. Vodimo vas na mesta gde je odmor, provod i u\u017eivanje imperativ.<\/p>\n\t<\/div>\n<\/div>\t\t<\/div>\n\t<\/div>\n<\/div><\/div>\n\n<div class=\"fw-row\">\n\t<div id=\"column-69d03ba6b184d\" class=\"fw-col-sm-12 tf-sh-7e4898b680939314dc22a9aae3e0f156\" >\n\t<div class=\"fw-wrap-col-inner clearfix  \"   >\n\t\t\t\t<div class=\"fw-col-inner\">\n\t\t\t<div class=\"fw-divider-space  fw-custom-space  fw-mobile-hide-element clearfix\" style=\"height:70px;\" ><\/div>\t\t<\/div>\n\t<\/div>\n<\/div><\/div>\n\n\t<\/div>\n\t<\/section><section   class=\"fw-main-row-custom fw-section-no-padding  auto  fw-section-position-back tf-sh-ab92656868cc9c71ef09e446399b9638\"  style=\" background-color:#e8e8e8;\"  >\n\t\t\t<div class=\"fw-container-fluid\" >\n\t\t<div class=\"fw-row\">\n\t<div id=\"column-69d03ba6b1eb9\" class=\"fw-col-sm-12 fw-col-md-6 tf-sh-d998146fd8390b2ca885f1281f8c6e82  fw-col-no-padding\" >\n\t<div class=\"fw-wrap-col-inner clearfix   fw-column-height-custom\" style=\"height: 853px;\"  >\n\t\t\t\t<div class=\"fw-col-inner\">\n\t\t\t\t\t<\/div>\n\t<\/div>\n<\/div><div id=\"column-69d03ba6b1fe7\" class=\"fw-col-sm-12 fw-col-md-6 tf-sh-a63f715448fab47ecece44d1ebb4e6ff\" >\n\t<div class=\"fw-wrap-col-inner clearfix  \"   >\n\t\t\t\t<div class=\"fw-col-inner\">\n\t\t\t<div class=\"fw-heading fw-heading-left  fw-heading-with-subtitle fw-animated-element tf-sh-f0b4244f9a6976183e63cdb9e550e44b\"  data-animation-type=\"fadeInUp\" data-animation-delay=\"300\">\n\t\t\t<h5 class=\"fw-special-title\">01<\/h5>\n\t\n\t\n\t\t\t<div class=\"fw-special-subtitle\">GR\u010cKA<\/div>\n\t<\/div><div class=\"fw-divider-space  fw-custom-space  clearfix\" style=\"height:40px;\" ><\/div><div class=\"fw-heading fw-heading-left  fw-heading-with-subtitle fw-animated-element tf-sh-e58aff28ee694f8cddb5bff54ece9bfb\"  data-animation-type=\"fadeInUp\" data-animation-delay=\"300\">\n\t\t\t<h3 class=\"fw-special-title\">NEA KALIKRATIA \u2013 HALKIDIKI<\/h3>\n\t\n\t\n\t\t\t<div class=\"fw-special-subtitle\">HOTEL BIRDAS **<\/div>\n\t<\/div><div class=\"fw-divider-space  fw-custom-space  clearfix\" style=\"height:20px;\" ><\/div><div class=\"fw-text-box tf-sh-a69564321ae0f14d917305a7366a0191  fw-animated-element\"  data-animation-type=\"fadeInUp\" data-animation-delay=\"500\">\n\t<div class=\"fw-text-inner\">\n\t\t<p>Nea Kalikratia \u2013 je naselje nastalo spajanjem tri mesta \u2013 Nea Kalikratia, Agios Pavlos i Nea Iraklia. Nalazi se na 40 km od Soluna. Pla\u017ea je pe\u0161\u010dana, a more kristalno \u010disto...<\/p>\n\t<\/div>\n<\/div><div class=\"fw-divider-space  fw-custom-space  clearfix\" style=\"height:30px;\" ><\/div>\t<a href=\"https:\/\/www.bavka.rs\/restoran\/project\/organizovanje-vencanja-hotel-bavka\/\" target=\"_self\" class=\"fw-btn tf-sh-98758539799cfe9c0e48c6935cdf853a  fw-btn-md  fw-btn-side-by-side fw-animated-element fw-btn-4\"  data-animation-type=\"fadeInUp\" data-animation-delay=\"700\" style=\"\">\n\t\t<span >\n\t\t\t<strong>POGLEDAJTE PONUDU<\/strong><i class=\"pull-right-icon fa fa-angle-right\" style=\"font-size:22px;\"><\/i>\t\t<\/span>\n\t<\/a>\n\t\t<\/div>\n\t<\/div>\n<\/div><\/div>\n\n\t<\/div>\n\t<\/section><section   class=\"fw-main-row-custom fw-section-no-padding  auto  fw-section-position-back tf-sh-39124043abdc0a9bc6379ad192643247\"  style=\" background-color:#ffffff;\"  >\n\t\t\t<div class=\"fw-container-fluid\" >\n\t\t<div class=\"fw-row\">\n\t<div id=\"column-69d03ba6b2f31\" class=\"fw-col-sm-12 fw-col-md-6 tf-sh-9e07398944d4e86626b3625c585fdd0c\" >\n\t<div class=\"fw-wrap-col-inner clearfix  \"   >\n\t\t\t\t<div class=\"fw-col-inner\">\n\t\t\t<div class=\"fw-heading fw-heading-right  fw-heading-with-subtitle fw-animated-element tf-sh-e9b9909c2c74803176a8641af825157a\"  data-animation-type=\"fadeInUp\" data-animation-delay=\"300\">\n\t\t\t<h5 class=\"fw-special-title\">02<\/h5>\n\t\n\t\n\t\t\t<div class=\"fw-special-subtitle\">GR\u010cKA<\/div>\n\t<\/div><div class=\"fw-divider-space  fw-custom-space  clearfix\" style=\"height:40px;\" ><\/div><div class=\"fw-heading fw-heading-right  fw-heading-with-subtitle fw-animated-element tf-sh-1fc68ace0babe18fa5747f18df389481\"  data-animation-type=\"fadeInUp\" data-animation-delay=\"300\">\n\t\t\t<h3 class=\"fw-special-title\">NEA PLAGIA \u2013 HALKIDIKI<\/h3>\n\t\n\t\n\t\t\t<div class=\"fw-special-subtitle\">HOTEL HRISO PAGONI<\/div>\n\t<\/div><div class=\"fw-divider-space  fw-custom-space  clearfix\" style=\"height:20px;\" ><\/div><div class=\"fw-text-box tf-sh-6ea27435905c19232cc30771d8e92b77  fw-animated-element\"  data-animation-type=\"fadeInUp\" data-animation-delay=\"500\">\n\t<div class=\"fw-text-inner\">\n\t\t<p style=\"text-align: right;\"><strong>Nea Plagia<\/strong>\u00a0\u2013 Na samo 60 km od Soluna nalazi se jo\u0161 turisti\u010dki neotkriveni deo severozapadnog Halkidikija, na samom ulasku na Kasandru odnosno Sitoniju, pre Nea Mudanije...<\/p>\n\t<\/div>\n<\/div><div class=\"fw-divider-space  fw-custom-space  clearfix\" style=\"height:30px;\" ><\/div><div class=\"text-right\">\t<a href=\" https:\/\/www.bavka.rs\/restoran\/project\/nea-plagia-halkidiki\" target=\"_self\" class=\"fw-btn tf-sh-5458061bf6b7e2e2ff689909b0f72365  fw-btn-md  fw-animated-element fw-btn-4\"  data-animation-type=\"fadeInUp\" data-animation-delay=\"700\" style=\"\">\n\t\t<span >\n\t\t\t<strong>POGLEDAJTE PONUDU<\/strong><i class=\"pull-right-icon fa fa-angle-right\" style=\"font-size:22px;\"><\/i>\t\t<\/span>\n\t<\/a>\n<\/div>\t\t<\/div>\n\t<\/div>\n<\/div><div id=\"column-69d03ba6b3774\" class=\"fw-col-sm-12 fw-col-md-6 tf-sh-33b0f29965edefbeb12fd2e4d694cba9  fw-col-no-padding\" >\n\t<div class=\"fw-wrap-col-inner clearfix   fw-column-height-custom\" style=\"height: 853px;\"  >\n\t\t\t\t<div class=\"fw-col-inner\">\n\t\t\t\t\t<\/div>\n\t<\/div>\n<\/div><\/div>\n\n\t<\/div>\n\t<\/section><section   class=\"fw-main-row-custom fw-section-no-padding  auto  fw-section-position-back tf-sh-3a5dc9e43ef54a2bf082aa50e86f6d91\"  style=\" background-color:#e8e8e8;\"  >\n\t\t\t<div class=\"fw-container-fluid\" >\n\t\t<div class=\"fw-row\">\n\t<div id=\"column-69d03ba6b3c0a\" class=\"fw-col-sm-12 fw-col-md-6 tf-sh-c7b1569a8c7a2d8c88432674633ed76a  fw-col-no-padding\" >\n\t<div class=\"fw-wrap-col-inner clearfix   fw-column-height-custom\" style=\"height: 853px;\"  >\n\t\t\t\t<div class=\"fw-col-inner\">\n\t\t\t\t\t<\/div>\n\t<\/div>\n<\/div><div id=\"column-69d03ba6b3d4d\" class=\"fw-col-sm-12 fw-col-md-6 tf-sh-9c8e185869fb791d9957d08fff923674\" >\n\t<div class=\"fw-wrap-col-inner clearfix  \"   >\n\t\t\t\t<div class=\"fw-col-inner\">\n\t\t\t<div class=\"fw-heading fw-heading-left  fw-heading-with-subtitle fw-animated-element tf-sh-153d80476d55d3300e5e116c78e609b9\"  data-animation-type=\"fadeInUp\" data-animation-delay=\"300\">\n\t\t\t<h5 class=\"fw-special-title\">01<\/h5>\n\t\n\t\n\t\t\t<div class=\"fw-special-subtitle\">GR\u010cKA<\/div>\n\t<\/div><div class=\"fw-divider-space  fw-custom-space  clearfix\" style=\"height:40px;\" ><\/div><div class=\"fw-heading fw-heading-left  fw-heading-with-subtitle fw-animated-element tf-sh-64c830c9b37f3d5eff88cee073bc1f99\"  data-animation-type=\"fadeInUp\" data-animation-delay=\"300\">\n\t\t\t<h3 class=\"fw-special-title\">PARALIA<\/h3>\n\t\n\t\n\t\t\t<div class=\"fw-special-subtitle\">HOTEL \u201eSAN GIORGIO\u201c<\/div>\n\t<\/div><div class=\"fw-divider-space  fw-custom-space  clearfix\" style=\"height:20px;\" ><\/div><div class=\"fw-text-box tf-sh-5067c8e44b6a4555f9ea4cf5e186feeb  fw-animated-element\"  data-animation-type=\"fadeInUp\" data-animation-delay=\"500\">\n\t<div class=\"fw-text-inner\">\n\t\t<p><strong>Paralia&nbsp;<\/strong>\u2013 U azurnim vodama Mediterana, koje okru\u017euju Pieriu i obale Olimpa, \u010deka vas izazov. Jedno putovanje ose\u0107anja, slika, boja, mora, peska i bo\u017eanstvenog povetarca koji se spu\u0161ta sa vrha mitskog Olimpa na njegove rajske obale...<\/p>\n\t<\/div>\n<\/div><div class=\"fw-divider-space  fw-custom-space  clearfix\" style=\"height:30px;\" ><\/div>\t<a href=\" https:\/\/www.bavka.rs\/restoran\/project\/paralia\" target=\"_self\" class=\"fw-btn tf-sh-f12b3a84c174e874e7a725a1288513d3  fw-btn-md  fw-btn-side-by-side fw-animated-element fw-btn-4\"  data-animation-type=\"fadeInUp\" data-animation-delay=\"700\" style=\"\">\n\t\t<span >\n\t\t\t<strong>POGLEDAJTE PONUDU<\/strong><i class=\"pull-right-icon fa fa-angle-right\" style=\"font-size:22px;\"><\/i>\t\t<\/span>\n\t<\/a>\n\t\t<\/div>\n\t<\/div>\n<\/div><\/div>\n\n\t<\/div>\n\t<\/section><\/p>\n","protected":false},"excerpt":{"rendered":"<p>Letovanja Neka vas magija letnje energije odvede na \u010dudesne destinacije iz na\u0161e ponude. Atraktivne turisti\u010dke destinacije iz na\u0161e ponude spremne su da zadovolje sva va\u0161a \u010dula. Izaberite neku od pa\u017eljivo izabranih letnjih destinacija. Vodimo vas na mesta gde je odmor, provod i u\u017eivanje imperativ. 01 GR\u010cKA NEA KALIKRATIA \u2013 HALKIDIKI HOTEL BIRDAS ** Nea Kalikratia [&hellip;]<\/p>\n","protected":false},"author":4,"featured_media":0,"parent":0,"menu_order":0,"comment_status":"closed","ping_status":"closed","template":"visual-builder-template.php","meta":{"footnotes":""},"class_list":["post-16","page","type-page","status-publish","hentry"],"_links":{"self":[{"href":"https:\/\/www.bavka.rs\/restoran\/wp-json\/wp\/v2\/pages\/16","targetHints":{"allow":["GET"]}}],"collection":[{"href":"https:\/\/www.bavka.rs\/restoran\/wp-json\/wp\/v2\/pages"}],"about":[{"href":"https:\/\/www.bavka.rs\/restoran\/wp-json\/wp\/v2\/types\/page"}],"author":[{"embeddable":true,"href":"https:\/\/www.bavka.rs\/restoran\/wp-json\/wp\/v2\/users\/4"}],"replies":[{"embeddable":true,"href":"https:\/\/www.bavka.rs\/restoran\/wp-json\/wp\/v2\/comments?post=16"}],"version-history":[{"count":0,"href":"https:\/\/www.bavka.rs\/restoran\/wp-json\/wp\/v2\/pages\/16\/revisions"}],"wp:attachment":[{"href":"https:\/\/www.bavka.rs\/restoran\/wp-json\/wp\/v2\/media?parent=16"}],"curies":[{"name":"wp","href":"https:\/\/api.w.org\/{rel}","templated":true}]}}